 What is h(l)?
97
Let j(v) = 2*v**2 - 29*v + 97. Let i be j(9). Let y(l) = 70*l + 16. Calculate y(i).
-124
Let b(a) = 0 + 12718*a**2 - 12717*a**2 - 13 - 4*a. Give b(7).
8
Let d(q) be the first derivative of 1/2*q**2 + 7 + q. Calculate d(-8).
-7
Let i(t) = -4*t**2 - 24*t + 25. Let r = -746 - -739. Determine i(r).
-3
Let p(q) = 9*q**2 + 19*q. Let x(g) = 4*g**2 + 13*g + 2. Let f(o) = -2*o - 1. Let t(u) = 2*f(u) + x(u). Let b(l) = -3*p(l) + 7*t(l). Determine b(-5).
-5
Let i be (-477)/60 + 13/(234/144). Let j(v) be the third derivative of 0*v - 1/6*v**3 - i*v**5 + 1/12*v**4 - 1/120*v**6 + 0 - 19*v**2. Give j(-3).
-7
Let s(d) be the first derivative of d**3/3 - d**2/2 - 9*d - 3. Suppose -5*u - 43 = 2*w, -22 = -u + 13*w - 10*w. What is s(u)?
21
Let t = 86 - 80. Suppose -29*b + 32*b = t. Let c(k) = -5*k - 1 - 5*k**2 - 3*k**2 + b*k + k**3 + 9*k**2. Determine c(-3).
-10
Let n(r) = -r**3 - r + 11. Let m be 6/(-4 - (6 - 7)). Let z be (0*9/(-90))/m. What is n(z)?
11
Let d be 2/3 + 28280/60. Let u = d + -477. Let n(i) = -i - 3. Calculate n(u).
2
Let j(b) be the third derivative of 7*b**4/4 + 7*b**3 + b**2 - 502*b - 1. What is j(-1)?
0
Let z(v) = v**2 + 5*v - 148. Let h be z(-16). Let u(g) = 2*g**2 - 56*g - 19. Calculate u(h).
-19
Let w(j) = j**2 - 17*j + 98. Suppose 0 = 11*x - 23*x + 232*x - 2860. Determine w(x).
46
Let s(r) be the third derivative of r**4/24 - 14*r**2 - 1. Let n(p) = -4*p - 12. Let z(l) = n(l) + 3*s(l). Determine z(-8).
-4
Let a(f) = f**2 + 5*f - 6. Suppose 10 = 2*x - d, 4*x + 5*d = d + 8. Suppose -2*c + 5*j - 5 = 0, x*c + 16 + 2 = 2*j. Determine a(c).
-6
Let s be (-8148)/(-77) - 4/(-22). Suppose 5*u - s = 6*u. Let w = u + 113. Let y(g) = g - 11. Give y(w).
-4
Let i(q) be the first derivative of 3*q**4/4 - 4*q**3/3 - 5*q**2/2 + 5*q - 86. Let b(v) = -v**3 + 2*v. Let p(y) = -2*b(y) - i(y). What is p(4)?
-1
Let y(g) = 65*g + 678. Let v(k) = -131*k - 1312. Let s(f) = -6*v(f) - 13*y(f). Give s(-16).
2
Let a(b) = b**2 + 50*b + 142. Let k be a(-3). Let v(z) = 17*z**3 + 1. Give v(k).
18
Suppose -135*u = -137*u + 72. Suppose 0 = 13*h - u - 81. Let a(w) be the second derivative of -w**5/20 + 2*w**4/3 + 5*w**3/3 - 6*w**2 + w. Give a(h).
-3
Let b = -140 - -121. Let q = 21 + b. Let d be (14/q)/(-28) + (-38)/8. Let p(j) = j**3 + 4*j**2 - j - 3. Give p(d).
-23
Let n(w) = 12 + 133*w + 22 - 132*w - 24. Give n(-14).
-4
Let j = -37 - -38. Let h(l) = 245*l**2 + l**3 - 253*l**2 + l - j + 2*l. Determine h(8).
23
Let a(q) be the second derivative of q**6/45 + q**4/12 - 89*q**3/6 + 16*q - 5. Let i(o) be the second derivative of a(o). Calculate i(-2).
34
Let w be (-38)/(-16) + 135/(-360). Let a be (-4)/3 - (48/18 - w). Let v(h) = -8*h - 2. What is v(a)?
14
Let n be (2/(-3))/(10/(-75)). Suppose 3*m - 4 + 29 = n*q, 25 = 3*m + 5*q. Let v(x) = -x**3 - x**2 - x - 40. Calculate v(m).
-40
Let g(s) be the first derivative of -3*s + 72 - 3/2*s**2. Calculate g(-5).
12
Let y(h) = -h**3 + 4*h**2 + 6*h - 7. Suppose -4*w - 56 = -5*x, -x = 2*w + 8 + 6. Let l be w/(-3)*1 + 2. Calculate y(l).
-2
Let j(p) = p**3 + 14*p**2 - p - 15. Suppose 4*c - 2*d = -276, -3*c - 2*c - d - 345 = 0. Let x = -83 - c. Determine j(x).
-1
Let b(r) be the first derivative of -11*r**3/3 - r**2/2 + 6*r - 6427. Determine b(-4).
-166
Let q(u) = -4*u**2 - 3*u + 13. Let t(b) = -13*b - 3*b**2 + 221 + 10*b - 209. Let i(d) = 2*q(d) - 3*t(d). Determine i(-7).
18
Let q be (-1 - -2)/(10/20). Let g be ((-1)/(-3))/(q/12). Let n(w) = -3*w**2 + 0*w**g + 3*w + 5*w**2. Give n(-3).
9
Let r(v) = -4*v - 5. Suppose -27*f - 15 = -22*f. Let l be r(f). Suppose -4*q - 19 + l = 0. Let u(w) = w**3 + 2*w**2 - 3*w + 3. Determine u(q).
3
Let m(t) = 92*t**2 + t. Let p be -10 + (-66)/(-23 + 17). Give m(p).
93
Let t(o) = 13*o**3 + 67*o**2 + 4. Let h(m) = -3*m**3 - 7*m**2 - 1. Let y(f) = 5*h(f) + t(f). Determine y(16).
-1
Let c(f) = f**2 - 6*f + 7. Let q be c(4). Let o be ((-1)/3 - q)*(-30 + 33). Let t(w) = 12*w**2 + w**3 - 2*w**3 + w - 26*w**2 + 15*w**2. What is t(o)?
-2
Let l(o) = o + 5. Suppose -119 - 79 = -6*q. Suppose -q*y + 25 = -28*y. Suppose j + 5*v = v - y, -2*v + 10 = -2*j. What is l(j)?
0
Let p(y) = -4*y - 1. Suppose -4*m + 4*f + 68 = 0, -m - 64 = -5*m + 3*f. Let v be (m/65)/((-1)/5). Give p(v).
3
Let c(t) be the first derivative of 3*t**2/2 + 42*t + 3666. What is c(-13)?
3
Let o(u) = u**2 - 8*u - 8. Suppose 5*y = -4*g + 859, -4*y + 680 = -0*y - 4*g. Suppose -4*w = y + 237. Let k = 109 + w. Determine o(k).
-15
Let p(f) = -f + 11. Let y = -522 + 525. Suppose o - 4*r = 4*o - 41, 3*o = y*r + 27. Determine p(o).
0
Let f = -70 - -71. Let r(z) = -9*z**3 + 6*z**2 + 4*z + 7. Let i(t) = -2*t**3 - t**2 + t + 1. Let v(a) = f*r(a) - 4*i(a). Give v(10).
3
Suppose 0*l + 4*l + 5*q = 7, -l = 3*q. Let y(f) be the first derivative of f**3/3 - 2*f - 1423. Calculate y(l).
7
Let g(m) = 2*m + 9. Let w(a) = -69. Let s(p) = -5*g(p) - w(p). Give s(7).
-46
Let p(d) = -5*d**2 + 12*d + 7. Let w = 283 + -280. What is p(w)?
-2
Let y(q) = -q**2 + 2*q + 5. Let f be y(10). Let p = 88 + -165. Let c = f - p. Let b(m) = m**2. Give b(c).
4
Suppose 4*i - 5*i = 4*b - 565, 20 = 4*b. Let q = i + -532. Let u(m) = -m**3 + 13*m**2 + 2. Determine u(q).
2
Let d(w) = w**3 + 6*w**2 + 7*w + 6. Suppose -5*v + 3*v - 14 = 4*t, v + 6 = -t. Let j be (t/(-2))/(2/120). Let p be ((-12)/10)/(((-63)/j)/(-7)). Calculate d(p).
10
Let v(i) = -65*i**3 - i**2 + 2*i - 2. Let a(r) = -3*r**3 - 38*r**2 + 2*r - 142. Let h be a(-13). Determine v(h).
-66
Let y(i) be the second derivative of i**5/30 + i**4/4 + 5*i**3/6 + 8*i**2 + 4*i. Let s(v) be the first derivative of y(v). Let a = 45 - 49. What is s(a)?
13
Let t = -264 + 264. Suppose -48*d + 58*d = t. Let q(z) = z - 8. What is q(d)?
-8
Let x(r) = -r**2 + 132*r - 388. Let m = -21480 + 21483. What is x(m)?
-1
Let i = 9 + -13. Let u(l) be the first derivative of -l**5/120 + l**4/24 + 23*l**3/3 - 5. Let m(h) be the third derivative of u(h). Calculate m(i).
5
Let t(v) = v**3 + 23*v**2 + 23*v + 24. Let l be t(-22). Let c(d) = -3 + 3*d + 8 + 0 + 0 + 17*d**2 - 20*d**l. What is c(-2)?
-13
Let y(x) = x**3 + 8*x**2 - 10*x - 58. Let c(b) = -235*b + 12917. Let w be c(55). Determine y(w).
22
Let f(t) = 4*t + 7. Suppose 9 = -3*o - 2*b, -2*b - 3 = 34*o - 37*o. Let i(y) = 2*y + 2. Let r(p) = o*f(p) + 4*i(p). Give r(4).
17
Let v(o) be the third derivative of -o**6/60 - o**5/10 - o**4/8 - 7*o**3/6 - 19*o**2 + 23*o - 1. Calculate v(-4).
37
Suppose 68 = -65*c + 132 + 911. Let d(h) = 17*h - 229. Calculate d(c).
26
Let j(w) = w**3 + 6*w**2 + w + 6. Suppose 62 = 2*b - y - 4, 2*b - 70 = 3*y. Let i = -126 - -151. Suppose 5*m + i = -r, -4*r + b = -2*m - 0*r. Calculate j(m).
0
Let t(m) = 3*m - 5 - 158 + 152. Calculate t(-3).
-20
Let u(k) = k**2 + 10*k + 13. Suppose 0 = 9*a - 311 + 365. What is u(a)?
-11
Suppose -q - 23 = -26. Let s(a) = -a - 1. Let v(y) = -2*y + 5. Let o(u) = q*s(u) + v(u). Calculate o(-3).
17
Suppose 0 = 2*n - 154 + 58. Let w = n + -51. Let g(y) = y**3 - 4*y**2 + y + 7*y**2 + 2 + 3 - 3. Calculate g(w).
-1
Let h(q) = q**3 + 2*q**2 + 2*q + 4. Let p(f) = -65*f - 2210. Let u be p(-34). Determine h(u).
4
Let j(y) be the first derivative of y**4/8 - 11*y**3/6 + 6*y**2 - 2*y - 203. Let s(o) be the second derivative of j(o). Calculate s(6).
7
Let q(y) be the third derivative of 0*y - 4*y**2 - 1/60*y**5 + 0 - 7/24*y**4 - 2/3*y**3. Let l = 158 + -163. Calculate q(l).
6
Let w(c) = c + 5. Let b(x) = x**3 - 2*x**2 + x - 1. Let o be b(2). Let g be 1 + o*((-2 - 3) + 4). Suppose -7*u - 27 - 1 = g. What is w(u)?
1
Let k(i) be the second derivative of -i**3/6 - 2*i**2 - 25*i. Let g be k(-7). Let v(c) = 2*c**3 - 3*c**2 - 3*c + 2. Give v(g).
20
Let m(g) = -2*g + 3. Suppose 7 + 18 = 5*i. Suppose -2*t = -0 - 10, 50 = i*w + 3*t. Calculate m(w).
-11
Let j(y) = 69*y - 2 - 135*y + 69*y + y**2 - 2 + 2. Let r = 5 - 51. Let f = r - -44. Calculate j(f).
-4
Let u(v) = v**3 + 5*v**2 - 9*v - 5. Suppose -135 = 11*k - 1455. Suppose x = 21*x + k. Calculate u(x).
13
Let y(h) = -21*h**3 + h**2 - 2*h - 6. Let a(k) = 26*k**3 - 3*k**2 + k + 6. Let f(g) = 4*a(g) + 5*y(g). What is f(-6)?
-6
Suppose i - 13 = -10*r + 14*r, -5*r + 3*i = 25. Let m(b) = 3*b**2 + 2*b + 2. Give m(r).
10
Let u = -12 - -26. Let c be (6/(-7))/((-2)/u). Let v(s) be the first derivative of -s**3/3 + 7*s**2/2 + 3*s + 6. 